810. What is the tens digit of m?
5
Let m = -15773 + 22700. What is the thousands digit of m?
6
Suppose -17*a + 431 = -147. Suppose 36*k - a*k = 224. What is the units digit of k?
2
Let k be (-4)/14 + 556/(-14). Let o(i) = -3*i**2 + 9*i + 35. Let h be o(-2). What is the units digit of 2*h/k + 338/8?
2
Let c(y) = 7*y**2 + 7*y + 418. What is the tens digit of c(69)?
2
Let c(j) = j**3 - 38*j**2 + 190*j + 4. What is the units digit of c(45)?
9
Let s(f) = -7*f + 209. Let g be s(29). What is the hundreds digit of (-4)/(-12) + (-4 - (-6892)/g)?
1
Let q = 12048 + -3297. What is the thousands digit of q?
8
Let f(h) = -2*h**2 + h + 1. Let c be f(2). Let n = c + 220. What is the hundreds digit of n?
2
What is the hundreds digit of (-930)/(-22 - (-1736)/80)?
1
Let q = -91234 + 132731. What is the ten thousands digit of q?
4
Let b = -1 + 2. Let a = 1406 + -1359. Suppose -b = n - a. What is the tens digit of n?
4
Let l(g) = -617*g - 638*g - 51 + 3. What is the hundreds digit of l(-1)?
2
Let f be (3671 - (-9 + 4)) + 1 + -5. Suppose -f = 36*y - 42*y. What is the units digit of y?
2
Let b(z) = -94*z**3 + z**2 - 25*z - 58. What is the hundreds digit of b(-7)?
4
Suppose 7*f - 4*f = 3*v - 3, -5*v = -3*f - 7. Let p = -150 - -170. What is the units digit of (p - 5)*(v/(-6))/(-1)?
5
Suppose -5*w - 10 = 2*v + 25, 5*v + 50 = -5*w. Let i be (w/4)/((-11)/(-220)). What is the units digit of 5/(i/(-20))*(-10)/(-8)?
5
Let v(o) = 15*o**3 - 2*o**2 + 3*o - 15. What is the hundreds digit of v(2)?
1
Suppose -5*n + 3*w = 114, -4*n - w - 69 = 4*w. Let z = 70 + n. What is the tens digit of z?
4
Suppose 910*k + 8714 = 912*k. What is the tens digit of k?
5
Let n = 13218 - -9892. What is the hundreds digit of n?
1
What is the thousands digit of (115 - 2)*(-50384)/(-94) - -5?
0
Suppose 0 = 4*q - 2*g - 37560, -5*q + g + 33069 + 13881 = 0. What is the hundreds digit of q?
3
Suppose -4*d = 4*s - 2*d - 5036, -5022 = -4*s + 5*d. Suppose 0*x - 3*x + 4*a = -1889, 0 = -2*x + 3*a + s. What is the hundreds digit of x?
6
Suppose -3180 = -9*n + 2706. Let v = n + 164. What is the units digit of v?
8
Let r = 123408 - 67876. What is the hundreds digit of r?
5
Let c = 162 + -158. Suppose 2*k = 5*i - 3686, -c*i + 2*k = -0*i - 2950. What is the tens digit of i?
3
Suppose -20 = 5*x - 49*n + 44*n, 4*n = -2*x - 8. Let a(g) = -308*g + 131. What is the hundreds digit of a(x)?
3
Let b = 12549 - 8937. What is the hundreds digit of b?
6
Suppose -20*c - 85218 = 4*c - 615402. What is the thousands digit of c?
2
Let x = 45627 + -25007. Suppose -62*y + 82*y - x = 0. What is the thousands digit of y?
1
What is the thousands digit of (5 + -16 + 80365)/2?
0
Suppose 286 = -4*b + 2*n, 2*b - 5*n = 3*b + 66. Let l = b - -432. What is the tens digit of l?
6
Let o(p) = p**2 + p + 11. Let z be o(-9). Suppose 3*a + a = 3*b + 397, -a + z = -4*b. What is the hundreds digit of a?
1
Let k = 128 + -152. What is the hundreds digit of (3/3 + 1)/(k/(-6132))?
5
What is the ten thousands digit of (44/(-77)*-112)/(4/1096)?
1
Let l be 6/4 - (-22)/44. Suppose -4*p = -l*m, -5 = -3*p - 2*m + 9. Suppose -p*y - 162 = -5*r, -r + 5*y = 2*r - 101. What is the units digit of r?
2
Let a(t) = 13*t**2 - 196*t + 52. What is the thousands digit of a(34)?
8
Let x be 4 + -6 + -1 - -20. Let q(n) = -3*n**2 + 4*n**2 - 11*n + 51 - 41 + n. What is the tens digit of q(x)?
2
Suppose 106 = -5*q + 26. What is the hundreds digit of 17 + q - 22*-23?
5
Suppose 0 = -25*k + 468872 + 16878. What is the thousands digit of k?
9
Let d(a) = a**3 - 6*a**2 + 2*a - 7. Let m be d(6). Suppose -2*l - 4*q = -836, -3*l = m*q - 610 - 648. What is the tens digit of l?
2
What is the thousands digit of (-1 - -2) + 20701 + (-19 - -29)?
0
Let n = -12 - -120. Suppose -2117 = -5*a + 4*f, -n = -a + 5*f + 328. What is the tens digit of a?
2
Let w(x) = -8*x**2 + 26*x - 1. Let b be w(3). Suppose y + 3 = -0. What is the tens digit of 72 + (b/(-10))/(y/(-6))?
7
Let g = 6249 - 2199. What is the units digit of g?
0
Let l be (-272)/48 - (-2)/(-6). Let r = -73 - l. What is the tens digit of (-3 - -2)/((-267)/r + -4)?
6
Let l = -2469 - -1050. Let a = l - -2755. What is the hundreds digit of a?
3
Suppose 0 = 2*t + 5*a - 7648 - 7789, 0 = -4*a - 20. What is the tens digit of t?
3
Let n(b) be the first derivative of b**2/2 - 10*b - 32. Let t be n(10). Suppose t = 2*d + 4, -d + 133 = 2*o - 125. What is the hundreds digit of o?
1
What is the units digit of (-75218)/312*-76*3?
7
Suppose 5*m - 25184 = -k, -9555 = 4*m - 2*k - 29705. What is the thousands digit of m?
5
Let z(s) = -777*s - 54. What is the units digit of z(-9)?
9
Let t be 1*-3 - (8 + -6 + 4). Let u = t + 12. Suppose -u*s + 744 = s. What is the hundreds digit of s?
1
Let h = 4733 - 4271. What is the units digit of h?
2
Let v(o) = o**2 + 2*o + 3. Let s be v(-3). Suppose -s*h - 1190 + 3230 = 0. What is the units digit of h?
0
Let n = 1382 - -2829. What is the hundreds digit of n?
2
Suppose -997 = -5*p + 698. Let c = 1387 - p. What is the thousands digit of c?
1
Let o = 58316 + -35868. What is the ten thousands digit of o?
2
Let y = 422 - 241. Let r = 345 - y. What is the units digit of r?
4
Let u(q) = -2*q**3 - 7*q**2 - 230*q - 5. What is the hundreds digit of u(-26)?
3
Suppose 0 = 4*s + 8 - 0, 5*q - 2*s - 4 = 0. Suppose -u + 456 + 286 = q. What is the units digit of u?
2
Let o(n) = -185*n - 983. What is the thousands digit of o(-24)?
3
Let c(h) = -h**2 - 5*h + 11. Let t be c(-6). Let j(x) = -2*x + 4*x**2 + 0*x - 34 + 27 + 0*x. What is the units digit of j(t)?
3
Suppose 1948030 + 5535668 + 1825966 = 644*b. What is the units digit of b?
6
Let y(k) = -7*k + 16. Let h = -43 + 43. Suppose 3*w + 7 = -0*b + 5*b, h = -2*w + b - 7. What is the units digit of y(w)?
4
Suppose -134*c = -130*c + 161 - 3653. What is the units digit of c?
3
Suppose -5*v = -4*w + 10, -26 = -3*v - 0*w - 4*w. Let y(p) = 721*p - 125. What is the thousands digit of y(v)?
1
Suppose -3*c + 2*b + 8 + 2 = 0, -2*c = 4*b - 12. Suppose -c*d = 2*t - 265 - 1081, 4*d + 3*t - 1341 = 0. What is the units digit of d?
9
Suppose -3*v + 6 = 0, -2*v + 1565 = 3*f - 659. Suppose 4*o + f = q, q = 4*o - 2*o + 732. What is the hundreds digit of q?
7
Let n be (6/9)/((-14)/252). Suppose k - 2*k = 0. What is the units digit of k*(-4)/n - -76?
6
Suppose 168*i = 162*i - 306. Let h = 343 + i. What is the units digit of h?
2
Let h(c) = -12*c + 11433*c**2 + 0*c - 2 - 11424*c**2. What is the tens digit of h(-5)?
8
Suppose -8688 = 47*f - 63*f. Let h = 1172 - f. What is the units digit of h?
9
What is the units digit of 2577315/585 - 2*1/(-6)?
6
Suppose 11*m - 15*m = 1712. Let f = m + 639. What is the hundreds digit of f?
2
Suppose 0 = 128*n - 111*n + 20740. What is the tens digit of -1*(-3)/(-6)*n?
1
Suppose -l - 8*m - 150 = -10*m, 2*l + 3*m + 272 = 0. Let u = 302 - l. What is the tens digit of u?
4
Let d(l) = 8*l**2 - 3*l - 5. Let v(b) = b**2 - 7*b + 8. Let q(i) = 3*i - 12. Let c be q(5). Let w be v(c). What is the tens digit of d(w)?
3
Let f be (-15598)/(-2) + (64 - 71). Suppose -9*z = -17*z + f. What is the units digit of z?
4
Let j(d) be the second derivative of 5*d**4/24 + d**3 + 3*d**2 - 15*d. Let z(h) be the first derivative of j(h). What is the tens digit of z(6)?
3
Suppose 2*m - 19 - 1 = 0. Suppose 3*b + 5*q - 2 = 0, b + 5*q = -4*b + m. Suppose r - 450 = -b*r. What is the units digit of r?
0
Let z(x) = -2*x**2 - x + 71. Let q(w) = 5*w**2 + w - 144. Let n(l) = 3*q(l) + 7*z(l). What is the thousands digit of n(-30)?
1
Suppose -5*i = -4*n + 23837, -5*n + 5*i + 18373 + 11427 = 0. What is the hundreds digit of n?
9
Let x(k) = 510*k**2 + 20*k + 28. What is the thousands digit of x(-4)?
8
Suppose 3*k - k - 6 = 0. Let p be -3 + 2/1 - -5. Suppose -3*b + 88 = -b + 3*q, -p*b + 182 = k*q. What is the units digit of b?
7
Let q(m) = 50294*m**2 + 4*m - 6. What is the ten thousands digit of q(-1)?
5
Suppose 8*k + 0*k = 10592. Suppose -4*s = -4*f - 1752, 2*f = -0*s - 3*s + k. What is the hundreds digit of s?
4
Let g be -3 + 2 - 19/(-2)*-2. Let l be -15*(-68)/g*-2. Suppose 0 = -4*n + 4*i + 492, -4*i = 2*n - l - 162. What is the units digit of n?
6
Let a(g) = -23*g + 4. Let z be a(2). Let s = 157 + z. Let n = 229 - s. What is the hundreds digit of n?
1
Let q be 28*(-5)/10 - -349. Let p(f) = 67*f + 4. Let t be p(3). L